-267)).
6
What is the value of 19 - (12 + 0 + 5)?
2
3 + -13 - (-27 + 26)
-9
What is the value of -12 - -20 - 24 - -19?
3
Evaluate -41 + 55 + -6 + 8 + -3.
13
3 + (-7 - (0 + (4 - 7)))
-1
What is the value of 1 + 1 + (-2 - 10 - -11) - 7?
-6
What is 14 - (31 + 0 + -11)?
-6
-2 + 4 + (-2 - -5) + 17 + -11
11
16 - 1 - (777 + -743)
-19
-7 - 1 - (13 - 1 - 14)
-6
What is -10 + 2 + -1 + (-4 - -9)?
-4
What is the value of (-29 - -44) + (-23 - -4)?
-4
What is -75 + 29 - (-57 - 26)?
37
68 - 91 - -43 - (47 - 0)
-27
Calculate 9 + -19 + 32 - 17.
5
Evaluate -10 + 10 + 16 + 1 - (8 - 2).
11
Calculate -4 + (-3 - (-4 - (6 + -8) - 19)).
14
What is the value of -7 - (-6 + 3 + 0 + 6 + 4)?
-14
What is 6 + 16 + 6 + -3 + -13?
12
What is 0 + 1 + -23 + 2 - -17?
-3
Calculate -56 - -61 - (-22 - (-1 - 4)).
22
Evaluate 1 + 3 + 5 - -4 - (-7 + 8).
12
Evaluate (3 - (-8 + -2 + 1)) + -1 + -1.
10
What is -9 + (12 - 22 - -14 - (2 + 5))?
-12
Evaluate -12 - (9 - (1 - -7)).
-13
Evaluate (-85 - -96) + (-8 - 3) - (-17 - -3).
14
What is the value of (-22 + 16 - (-19 - 4)) + -27?
-10
What is 3 - (-6 - (-12 - 4)) - 7?
-14
Evaluate -8 + (-10 - (-2 - -3)).
-19
Evaluate -16 + -1 + -10 + (14 - 6) + 0.
-19
What is the value of 42 + (-14 - (15 - 0))?
13
What is (18 + -3 - 11) + 14 + -28?
-10
What is the value of -16 - 1 - (-766 + 733)?
16
What is (3 + -22 - (-13 + 4)) + -6?
-16
What is the value of 2 - ((6 + -23 - -5) + 6 + 17)?
-9
Evaluate -8 + 0 - ((2 - 0) + -375 + 344).
21
What is (-15 - 1) + (79 - 78)?
-15
32 - 20 - (-11 + 3)
20
What is 22 + (-37 - (-48 + 27))?
6
Evaluate 2 - 26 - (-11 + (-14 - -33) + -15).
-17
What is the value of -603 + 581 + -1 + 29?
6
(-51 - -18) + 23 - -8
-2
Calculate 26 + (-2 - -11) + -22.
13
What is -2 + (-21 - -24 - (-17 - -2)) + -6?
10
Calculate -1 + 7 + 11 + 6 + -8 + -2.
13
What is (14 + -17 - 1) + -4?
-8
(10 - (49 - 27)) + -2 + 8
-6
-19 - ((-49 - -2) + 91 + -89)
26
What is the value of (11 - 1) + (-4 - 12)?
-6
Evaluate 1 + (4 - -2 - -1) - 16.
-8
What is the value of 15 + -2 - ((35 - 20) + -15)?
13
What is 10 - (0 + -2 + -181 + 189)?
4
What is 6 + (9 - 33) - -16?
-2
Evaluate -27 - (-6 - (-6 - -15)).
-12
What is the value of (20 - (-8 + 24)) + 6?
10
What is -2 + -10 + 2 + -2 + 2?
-10
Calculate -1 - -43 - (-9 + (6 - (-9 - 4))).
32
What is (29 - (13 + -16 + 9)) + -2 + -6?
15
Evaluate 9 + -2 + -1 + -5 + 2 + 5.
8
What is the value of (51 - -7 - 24) + -17?
17
What is the value of (11 - 3 - -1) + (-162 - -148)?
-5
7 + -18 + 15 + (4 - 16)
-8
Calculate 14 + (-27 - -9) + 3 + (-8 - 0).
-9
What is -1 - -8 - ((-35 + 8 - -14) + 36)?
-16
What is the value of 4 - (-2 - -1) - (89 - 95)?
11
Calculate 3 - (-6 + 13 + -7 - -16).
-13
Calculate 15 - (-29 + 17 + 10).
17
7 + -9 + 20 + -21
-3
11 + (-2 - 0) + 6 + (-11 - -3)
7
What is -17 - ((5 - 38) + 3 + 5)?
8
What is 25 - 11 - (59 - 27)?
-18
What is (14 - (9 + -4)) + (-20 - -14)?
3
What is the value of -16 + (-10 - (-13 + 11 - 19) - 13)?
-18
What is 20 + (-8 - (17 + 6))?
-11
What is -36 - (6 - 21) - -35?
14
What is 6 + 3 + (7 - (10 - 4 - -11))?
-1
What is the value of 5 + 12 - ((-19 - -37) + -9)?
8
Calculate 9 - (15 + (8 - 24) + -10).
20
3 + -8 - (-7 - -5) - (1 - -2)
-6
Calculate 4 + (0 + (5 - 10) - -3) + -12.
-10
What is 1 - (-6 - (-10 + 12)) - -5?
14
What is the value of -18 - -3 - (13 - 10 - 49)?
31
What is the value of (3 - -11) + -30 + 9?
-7
What is the value of -84 + 80 - (3 + 0)?
-7
0 + 8 + -8 + -2 + -1 - -2
-1
What is -10 + -8 + 1 + 9 + 27 + 0?
19
What is -8 - (11 + -8 + -6)?
-5
What is 9 + -3 + -3 + 12 + -8 + 9?
16
-11 + (-3 - -10) - (-5 - 2 - 6)
9
Evaluate 20 + (34 - 11) - 31.
12
What is the value of -10 - 1 - (-27 - (-42 + 24))?
-2
What is -3 + -3 + 30 + 3 - 5 - -1?
23
What is 7 + 1 - (-8 + 17) - -9?
8
Calculate (-2 - 1) + 110 + -103.
4
(-13 - -21) + -16 - (4 - -4)
-16
Calculate -6 + (30 - (15 + -8)) + -9.
8
(-1 - (-2 + 3)) + (-32 - -5 - -18)
-11
(14 - 10) + -8 + (7 - (-1 + 2))
2
What is (3 - 12) + -1 + 21?
11
What is the value of -1 + 0 + -1 - (224 - 221)?
-5
What is the value of -4 + 1 - -17 - (-1 - -23)?
-8
What is the value of (-7 - -13) + -4 - (3 - 1) - 19?
-19
What is -212 + 243 + (-15 - 0) + -10?
6
What is the value of 4 + 8 + (13 + (-14 - -11) - 7)?
15
(-2 + -5 + 16 - 6) + -6
-3
What is (-13 - -2) + 2 + 7 - (-11 - 0)?
9
24 + 0 - (-4 + 15)
13
What is the value of -20 + 3 + 36 + -6?
13
What is the value of (1 - 2) + (37 - 52) + -1?
-17
What is -13 - ((-1 - -11) + (11 - 19))?
-15
Evaluate 5 + -5 + -9 + 5 + 10.
6
Evaluate -7 + (-10 - -15 - (3 + -7)).
2
Evaluate -15 + 2 + 6 + (6 - -1).
0
Calculate -2 + 4 + 1 + (7 - (1 + 30)).
-21
Evaluate (1 - (6 - -1)) + (10 - 26 - -41).
19
Calculate (42 - 48) + (19 - ((-2 - -1) + 1)).
13
What is the value of -5 - -3 - (-7 + 11) - (0 + -1)?
-5
25 + (-7 - (-2 + -11) - 14)
17
What is 2 + 2 - (4 + 27 + -25)?
-2
What is 1 - 18 - (-17 - -13)?
-13
Evaluate 19 + 6 + -2 + -15 + (1 - 3).
6
What is the value of 6 + (10 - 0 - 8) + -17 + 0?
-9
Evaluate -4 - 21 - (-87 + 53).
9
-6 + 5 - (-15 - (13 + -11))
16
What is 12 - -4 - (-24 - -42)?
-2
What is the value of 14 - (15 - 1) - 2?
-2
What is -4 + 7 + (4 - (7 - (-3 + 11)))?
8
Evaluate 2 + -3 + -13 + 18 - -3.
7
What is the value of 3 + 1 + (0 + 0 - (-101 - -101))?
4
Evaluate 11 + (-46 - -42 - (-2 + 4)).
5
Calculate 5 + (1 - 12) + (-113 - -113).
-6
Calculate -2 + 1 + 0 + -2 + 1 + 13.
11
What is the value of 10 + (-8 + 19 - 19)?
2
Calculate (-50 - -39 - (1 + -15)) + -46 - -11.
-32
What is (-23 - (8 - 20)) + 11?
0
What is (5 - 3) + 24 + (4 - 17)?
13
Calculate 7 + -12 - (21 + -30).
4
What is (-31 - (-37 - -28)) + 46?
24
What is the value of -1 + (-17 - (10 + -17))?
-11
What is the value of 6 - (-34 - -29 - (-15 - -2))?
-2
Evaluate 7 + (3 - (4 + 1) - -7) + -13.
-1
Evaluate -9 + 0 + 3 + 18 + -1 + -24.
-13
Evaluate (7 + -14 - ((-9 - 1) + 2)) + 14.
15
What is 10 + -16 + (-5 - -3 - -9 - 0)?
1
What is 2 + 0 + 10 - (-71 + 75)?
8
Calculate -9 - (-12 - (-20 - (-9 - -2))).
-10
Evaluate -19 - (-9 - -18 - 8) - -9.
-11
What is the value of 21 + ((-13 - -26) + -10 - (4 - 6))?
26
Calculate 4 - -3 - (23 + -29).
13
Calculate 2 - ((-6 - -5) + 7) - 3 - -24.
17
What is the value of -9 + -2 + 1 + -175 + 198?
13
Evaluate (19 - 14) + -13 + 2 + (5 - 5).
-6
What is the value of (-8 - 11) + -4 - (-7 + 0)?
-16
Evaluate -7 + 2 + 13 - (-11 + 7).
12
Evaluate (1 - -2) + (256 - 246) - -4.
17
What is (-2 - (-4 - 12)) + (1 - (3 - -1))?
11
What is the value of (-7 - 7 - -16) + -5 + -19?
-22
-1 - ((-21 - -29) + (-4 - 0))
-5
4 + 0 - (34 + -20 + -18)
8
-25 + 27 - (0 + 14)
-12
What is 67 - 56 - (-4 - 3 - (0 + -3))?
15
Evaluate (-1 - 1) + 4 + -5 + 5 - 14.
-12
What is -7 + (8 - 7 - -22 - -4) + -9?
11
What is (4 - 8 - -3) + -2 - 1?
-4
((-4 - 1) + 6 - 5) + -5 + 7
-2
What is the value of 14 + 0 + 2 + (-5 - (-1 - 1))?
13
-6 + (-51 - (-42 - -5))
-20
Evaluate (4 - (3 - 3)) + (-28 - -13).
-11
What is 6 + (-3 - (7 + -2 - -1))?
-3
Calculate (8 - 10) + (61 - 65) + -1 + 1.
-6
What is -310 - -356 - (-4 - -41)?
9
Evaluate (-1 + -6 - (0 - 2)) + -5 + 12.
2
Evaluate -27 + -4 + (8 - -10).
-13
Calculate -50 - -45 - (0 + -10 + 1).
4
Evaluate -12 + (0 + 15 - 23).
-20
Evaluate 1 + 20 + (6 - -2) + -13.
16
Evaluate -6 + -16 - (-10 + -4 + 7).
-15
Evaluate (-183 + 179 - (0 - (29 + 3))) + 1.
29
What is (42 - 33 - ((2 - -1) + 15)) + 9?
0
What is the value of (25 - 14 - 10) + (1 + -4 - 0)?
-2
Calculate (-45 - -48) + 17 + 1.
21
Evaluate -8 + -41 + 10 + 28.
-11
Calculate (2 - (-2 + 11)) + (-67 - -57).
-17
What is the value of 29 - 30 - (-2 + -13) - 8?
6
Evaluate -2 + (3 - -13) + (17 - 23) - -4.
12
What is the value of (-46 - -4) + (145 - 115)?
-12
Evaluate 3 + (-1 - 10) + (1 - 0).
-7
What is the value of -7 + (-3 + -2 + 6 - -2) + 4?
0
Calculate -1 + 0 + 6 + 0 + -6 - -2.
1
Calculate 18 + -23 - 12 - (-9 + 1).
-9
What is the value of 26 + 1 + -2 + (14 - (6 - -9))?
24
-59 + 65 + (3 - 29)
-20
Calculate (1 + (-4 - -7) - -2) + -15 + 0.
-9
What is 1 + -4 + -29 - (154 - 162)?
-24
What is the value of 0 - (22 + (2 - (13 - 7)))?
-18
Calculate (-16 - -3) + (5 + 8 + -9 - 0).
-9
What is the value of 23 + 23 + -24 + -20?
2
Evaluate 4 + -1 - ((19 - 7) + 1 + -7).
-3
Calculate (0 - 0) + -32 + 20 + 22.
10
Calculate 0 + 3 + -3 + (13 - (31 - 3)).
-15
Evaluate -5 + 3 + (5 - 18).
-15
What is the value of 36 + 31 + -58 - (1 + -8)?
16
-3 + (0 - -5) + (-